{"id":4229,"date":"2018-01-09T18:44:09","date_gmt":"2018-01-09T18:44:09","guid":{"rendered":"http:\/\/proandpro.se\/?page_id=4229"},"modified":"2018-06-28T11:11:15","modified_gmt":"2018-06-28T11:11:15","slug":"insight-bank-forsakring","status":"publish","type":"page","link":"https:\/\/proandpro.se\/en\/insight-bank-forsakring\/","title":{"rendered":"Pro&#038;Pro Insight &#8211; Bank och f\u00f6rs\u00e4kring"},"content":{"rendered":"<p>[et_pb_section fb_built=&#8221;1&#8243; custom_padding_last_edited=&#8221;on|desktop&#8221; admin_label=&#8221;section&#8221; _builder_version=&#8221;3.0.74&#8243; custom_padding=&#8221;0||0|&#8221; custom_padding_tablet=&#8221;50px|0|50px|0&#8243; transparent_background=&#8221;off&#8221; padding_mobile=&#8221;off&#8221;][et_pb_row custom_padding=&#8221;2|0&#8243; padding_mobile=&#8221;off&#8221; admin_label=&#8221;row&#8221; _builder_version=&#8221;3.0.47&#8243; background_size=&#8221;initial&#8221; background_position=&#8221;top_left&#8221; background_repeat=&#8221;repeat&#8221;][et_pb_column type=&#8221;4_4&#8243; _builder_version=&#8221;3.0.47&#8243; parallax=&#8221;off&#8221; parallax_method=&#8221;on&#8221;][et_pb_image src=&#8221;https:\/\/media.proandpro.se\/2017\/08\/Forsakring-1280&#215;360.jpg&#8221; align=&#8221;center&#8221; force_fullwidth=&#8221;on&#8221; disabled_on=&#8221;on||&#8221; _builder_version=&#8221;3.8&#8243; use_border_color=&#8221;off&#8221;]&nbsp;<br \/>\n[\/et_pb_image][\/et_pb_column][\/et_pb_row][et_pb_row custom_padding=&#8221;|&#8221; padding_mobile=&#8221;off&#8221; admin_label=&#8221;row&#8221; _builder_version=&#8221;3.0.47&#8243; background_size=&#8221;initial&#8221; background_position=&#8221;top_left&#8221; background_repeat=&#8221;repeat&#8221;][et_pb_column type=&#8221;3_4&#8243; _builder_version=&#8221;3.0.47&#8243; parallax=&#8221;off&#8221; parallax_method=&#8221;on&#8221;][et_pb_text _builder_version=&#8221;3.8.1&#8243;]Pro&amp;Pro Insight \u00e4r seminariet som ger dig inspiration och insikt i utmaningar och framtidsscenarion f\u00f6r branscher i f\u00f6r\u00e4ndring. P\u00e5 Insight presenterar Pro&amp;Pro sina framtidanalyser f\u00f6r olika branscher med fokus p\u00e5 trender och scenarion.<\/p>\n<p>\u00c5rets andra Pro&amp;Pro Insight \u00e4gnas \u00e5t bank och f\u00f6rs\u00e4kring d\u00e4r vi f\u00f6rs\u00f6ker lyfta n\u00e5gra fr\u00e5gor som \u00e4r h\u00f6gst aktuella och viktiga men som kan ha sv\u00e5rt att f\u00e5 er uppm\u00e4rksamhet i konkurrens med vardagen. Vi vill med trender och case kring framtidens akt\u00f6rer samt hur ny teknik p\u00e5verkar bransch och region g\u00f6ra det lite l\u00e4ttare f\u00f6r er att se vilka steg ni som ledare kan ta f\u00f6r att ligga steget f\u00f6re.<\/p>\n<p>F\u00f6rel\u00e4ser g\u00f6r M\u00e5ns Fahlander, managementkonsult och branschansvarig Bank och F\u00f6rs\u00e4kring inom Pro&amp;Pro samt Markus Marklund, managementkonsult Pro&amp;Pro. Under seminariet g\u00e5r vi igenom<\/p>\n<ul>\n<li>V\u00e5r omv\u00e4rldsanalys<\/li>\n<li>Framtidsscenarios baserat p\u00e5 AI och digitalisering<\/li>\n<li>Hur p\u00e5verkas er aff\u00e4r och er verksamhet?<\/li>\n<li>Hur anv\u00e4nder du digitaliseringen f\u00f6r att bli framg\u00e5ngsrik i ditt ledarskap?<\/li>\n<\/ul>\n<p><img loading=\"lazy\" decoding=\"async\" class=\"alignright size-medium wp-image-2114\" src=\"https:\/\/media.proandpro.se\/2015\/08\/Markus-800x530-300x199.jpg\" alt=\"\" width=\"300\" height=\"199\" srcset=\"https:\/\/media.proandpro.se\/2015\/08\/Markus-800x530-300x199.jpg 300w, https:\/\/media.proandpro.se\/2015\/08\/Markus-800x530.jpg 800w\" sizes=\"(max-width: 300px) 100vw, 300px\" \/><strong><img loading=\"lazy\" decoding=\"async\" class=\"alignleft size-medium wp-image-4244\" src=\"https:\/\/media.proandpro.se\/2018\/01\/Mans1600x1060-300x199.jpg\" alt=\"\" width=\"300\" height=\"199\" srcset=\"https:\/\/media.proandpro.se\/2018\/01\/Mans1600x1060-300x199.jpg 300w, https:\/\/media.proandpro.se\/2018\/01\/Mans1600x1060-768x509.jpg 768w, https:\/\/media.proandpro.se\/2018\/01\/Mans1600x1060-1024x678.jpg 1024w, https:\/\/media.proandpro.se\/2018\/01\/Mans1600x1060-1080x716.jpg 1080w, https:\/\/media.proandpro.se\/2018\/01\/Mans1600x1060.jpg 1600w\" sizes=\"(max-width: 300px) 100vw, 300px\" \/><\/strong><br \/>\n[\/et_pb_text][et_pb_text _builder_version=&#8221;3.8.1&#8243; use_border_color=&#8221;off&#8221; border_color=&#8221;#ffffff&#8221; border_style=&#8221;solid&#8221;]<\/p>\n<p>&nbsp;<\/p>\n<p><strong><\/strong><\/p>\n<p><strong><\/strong><\/p>\n<p><strong><\/strong><\/p>\n<p><strong><\/strong><\/p>\n<p><strong><\/strong><\/p>\n<p><strong><\/strong><\/p>\n<p><strong><\/strong><\/p>\n<p><strong><\/strong><\/p>\n<p><strong><\/strong><\/p>\n<p><strong><\/strong><\/p>\n<p><strong>Om du har fr\u00e5gor kontakta<\/strong><br \/> <em>Tommy Ytterstr\u00f6m<\/em><br \/> <em> 070 67 37 200<\/em><br \/> <em>tommy.ytterstrom@proandpro.se<\/em><br \/> <em><strong>\u00a0<\/strong><\/em><\/p>\n<p>[\/et_pb_text][\/et_pb_column][et_pb_column type=&#8221;1_4&#8243; _builder_version=&#8221;3.0.47&#8243; parallax=&#8221;off&#8221; parallax_method=&#8221;on&#8221;][et_pb_text _builder_version=&#8221;3.8.1&#8243; use_border_color=&#8221;off&#8221; border_color=&#8221;#ffffff&#8221; border_style=&#8221;solid&#8221;]<\/p>\n<h2>Program<\/h2>\n<p>08.00 Frukost<br \/>\n08.30 F\u00f6rel\u00e4sning<br \/>\n09.15 Avslutning<br \/>\n[\/et_pb_text][et_pb_text _builder_version=&#8221;3.8&#8243; use_border_color=&#8221;off&#8221;]<\/p>\n<h3>Tid och plats<\/h3>\n<p>Fredag den 2 februari<br \/>\nFrukost fr\u00e5n 08.00<br \/>\nStorgatan 29, Sundsvall<\/p>\n<p>Anm\u00e4lan senast 31 augusti<br \/>\n[\/et_pb_text][et_pb_contact_form captcha=&#8221;off&#8221; email=&#8221;markus.marklund@proandpro.se, tommy.ytterstrom@proandpro.se, daniel.adelander@proandpro.se&#8221; title=&#8221;Anm\u00e4lan &#8221; custom_message=&#8221;ProAndPro Insight &#8211; Energi&lt;br \/&gt; Namn: %%Name%%&lt;br \/&gt; E-post: %%Email%%&lt;br \/&gt; Telefon: %%Telefon%%&lt;br \/&gt; Meddelande: %%Message%%&lt;br \/&gt; &#8221; success_message=&#8221;Tack f\u00f6r din anm\u00e4lan till Pro&#038;Pro Insight. Du kommer att f\u00e5 en personlig bekr\u00e4ftelse via e-post. &#8221; disabled_on=&#8221;off|off|off&#8221; module_id=&#8221;et_pb_contact_form_0&#8243; _builder_version=&#8221;3.8.1&#8243; custom_button=&#8221;on&#8221; button_text_size=&#8221;16&#8243; button_text_color=&#8221;#2b2b2b&#8221; button_border_color=&#8221;rgba(99,104,103,0.14)&#8221; use_border_color=&#8221;off&#8221;][et_pb_contact_field field_id=&#8221;Name&#8221; field_title=&#8221;Namn&#8221; fullwidth_field=&#8221;on&#8221; _builder_version=&#8221;3.0.87&#8243; form_field_font=&#8221;||||&#8221; border_radii=&#8221;on||||&#8221; use_border_color=&#8221;off&#8221; border_style=&#8221;solid&#8221;] [\/et_pb_contact_field][et_pb_contact_field field_id=&#8221;Telefon&#8221; field_title=&#8221;Telefon&#8221; fullwidth_field=&#8221;on&#8221; _builder_version=&#8221;3.0.87&#8243; form_field_font=&#8221;||||&#8221; border_radii=&#8221;on||||&#8221; use_border_color=&#8221;off&#8221; border_style=&#8221;solid&#8221;] [\/et_pb_contact_field][et_pb_contact_field field_id=&#8221;Email&#8221; field_title=&#8221;E-postadress&#8221; field_type=&#8221;email&#8221; fullwidth_field=&#8221;on&#8221; _builder_version=&#8221;3.0.87&#8243; form_field_font=&#8221;||||&#8221; border_radii=&#8221;on||||&#8221; use_border_color=&#8221;off&#8221; border_style=&#8221;solid&#8221;] [\/et_pb_contact_field][et_pb_contact_field field_id=&#8221;Message&#8221; field_title=&#8221;Speciella \u00f6nskem\u00e5l&#8221; field_type=&#8221;text&#8221; required_mark=&#8221;off&#8221; fullwidth_field=&#8221;on&#8221; _builder_version=&#8221;3.0.87&#8243; form_field_font=&#8221;||||&#8221; border_radii=&#8221;on||||&#8221; use_border_color=&#8221;off&#8221; border_style=&#8221;solid&#8221;] [\/et_pb_contact_field][\/et_pb_contact_form][\/et_pb_column][\/et_pb_row][\/et_pb_section]<\/p>\n","protected":false},"excerpt":{"rendered":"<p>&nbsp; Pro&amp;Pro Insight \u00e4r seminariet som ger dig inspiration och insikt i utmaningar och framtidsscenarion f\u00f6r branscher i f\u00f6r\u00e4ndring. P\u00e5 Insight presenterar Pro&amp;Pro sina framtidanalyser f\u00f6r olika branscher med fokus p\u00e5 trender och scenarion. \u00c5rets andra Pro&amp;Pro Insight \u00e4gnas \u00e5t bank och f\u00f6rs\u00e4kring d\u00e4r vi f\u00f6rs\u00f6ker lyfta n\u00e5gra fr\u00e5gor som \u00e4r h\u00f6gst aktuella och viktiga [&hellip;]<\/p>\n","protected":false},"author":1,"featured_media":0,"parent":0,"menu_order":0,"comment_status":"closed","ping_status":"closed","template":"","meta":{"_et_pb_use_builder":"on","_et_pb_old_content":"","_et_gb_content_width":"","footnotes":""},"folder":[95],"class_list":["post-4229","page","type-page","status-publish","hentry"],"_links":{"self":[{"href":"https:\/\/proandpro.se\/en\/wp-json\/wp\/v2\/pages\/4229","targetHints":{"allow":["GET"]}}],"collection":[{"href":"https:\/\/proandpro.se\/en\/wp-json\/wp\/v2\/pages"}],"about":[{"href":"https:\/\/proandpro.se\/en\/wp-json\/wp\/v2\/types\/page"}],"author":[{"embeddable":true,"href":"https:\/\/proandpro.se\/en\/wp-json\/wp\/v2\/users\/1"}],"replies":[{"embeddable":true,"href":"https:\/\/proandpro.se\/en\/wp-json\/wp\/v2\/comments?post=4229"}],"version-history":[{"count":18,"href":"https:\/\/proandpro.se\/en\/wp-json\/wp\/v2\/pages\/4229\/revisions"}],"predecessor-version":[{"id":4672,"href":"https:\/\/proandpro.se\/en\/wp-json\/wp\/v2\/pages\/4229\/revisions\/4672"}],"wp:attachment":[{"href":"https:\/\/proandpro.se\/en\/wp-json\/wp\/v2\/media?parent=4229"}],"wp:term":[{"taxonomy":"folder","embeddable":true,"href":"https:\/\/proandpro.se\/en\/wp-json\/wp\/v2\/folder?post=4229"}],"curies":[{"name":"wp","href":"https:\/\/api.w.org\/{rel}","templated":true}]}}

Pro&#038;Pro Insight &#8211; Bank och försäkring

<p>[et_pb_section fb_built=&#8221;1&#8243; custom_padding_last_edited=&#8221;on|desktop&#8221; admin_label=&#8221;section&#8221; _builder_version=&#8221;3.0.74&#8243; custom_padding=&#8221;0||0|&#8221; custom_padding_tablet=&#8221;50px|0|50px|0&#8243; transparent_background=&#8221;off&#8221; padding_mobile=&#8221;off&#8221;][et_pb_row custom_padding=&#8221;2|0&#8243; padding_mobile=&#8221;off&#8221; admin_label=&#8221;row&#8221; _builder_version=&#8221;3.0.47&#8243; background_size=&#8221;initial&#8221; background_position=&#8221;top_left&#8221; background_repeat=&#8221;repeat&#8221;][et_pb_column type=&#8221;4_4&#8243; _builder_version=&#8221;3.0.47&#8243; parallax=&#8221;off&#8221; parallax_method=&#8221;on&#8221;][et_pb_image src=&#8221;https://media.proandpro.se/2017/08/Forsakring-1280&#215;360.jpg&#8221; align=&#8221;center&#8221; force_fullwidth=&#8221;on&#8221; disabled_on=&#8221;on||&#8221; _builder_version=&#8221;3.8&#8243; use_border_color=&#8221;off&#8221;]&nbsp;<br />
[/et_pb_image][/et_pb_column][/et_pb_row][et_pb_row custom_padding=&#8221;|&#8221; padding_mobile=&#8221;off&#8221; admin_label=&#8221;row&#8221; _builder_version=&#8221;3.0.47&#8243; background_size=&#8221;initial&#8221; background_position=&#8221;top_left&#8221; background_repeat=&#8221;repeat&#8221;][et_pb_column type=&#8221;3_4&#8243; _builder_version=&#8221;3.0.47&#8243; parallax=&#8221;off&#8221; parallax_method=&#8221;on&#8221;][et_pb_text _builder_version=&#8221;3.8.1&#8243;]Pro&amp;Pro Insight är seminariet som ger dig inspiration och insikt i utmaningar och framtidsscenarion för branscher i förändring. På Insight presenterar Pro&amp;Pro sina framtidanalyser för olika branscher med fokus på trender och scenarion.</p>
<p>Årets andra Pro&amp;Pro Insight ägnas åt bank och försäkring där vi försöker lyfta några frågor som är högst aktuella och viktiga men som kan ha svårt att få er uppmärksamhet i konkurrens med vardagen. Vi vill med trender och case kring framtidens aktörer samt hur ny teknik påverkar bransch och region göra det lite lättare för er att se vilka steg ni som ledare kan ta för att ligga steget före.</p>
<p>Föreläser gör Måns Fahlander, managementkonsult och branschansvarig Bank och Försäkring inom Pro&amp;Pro samt Markus Marklund, managementkonsult Pro&amp;Pro. Under seminariet går vi igenom</p>
<ul>
<li>Vår omvärldsanalys</li>
<li>Framtidsscenarios baserat på AI och digitalisering</li>
<li>Hur påverkas er affär och er verksamhet?</li>
<li>Hur använder du digitaliseringen för att bli framgångsrik i ditt ledarskap?</li>
</ul>
<p><img loading="lazy" decoding="async" class="alignright size-medium wp-image-2114" src="https://media.proandpro.se/2015/08/Markus-800x530-300x199.jpg" alt="" width="300" height="199" srcset="https://media.proandpro.se/2015/08/Markus-800x530-300x199.jpg 300w, https://media.proandpro.se/2015/08/Markus-800x530.jpg 800w" sizes="(max-width: 300px) 100vw, 300px" /><strong><img loading="lazy" decoding="async" class="alignleft size-medium wp-image-4244" src="https://media.proandpro.se/2018/01/Mans1600x1060-300x199.jpg" alt="" width="300" height="199" srcset="https://media.proandpro.se/2018/01/Mans1600x1060-300x199.jpg 300w, https://media.proandpro.se/2018/01/Mans1600x1060-768x509.jpg 768w, https://media.proandpro.se/2018/01/Mans1600x1060-1024x678.jpg 1024w, https://media.proandpro.se/2018/01/Mans1600x1060-1080x716.jpg 1080w, https://media.proandpro.se/2018/01/Mans1600x1060.jpg 1600w" sizes="(max-width: 300px) 100vw, 300px" /></strong><br />
[/et_pb_text][et_pb_text _builder_version=&#8221;3.8.1&#8243; use_border_color=&#8221;off&#8221; border_color=&#8221;#ffffff&#8221; border_style=&#8221;solid&#8221;]</p>
<p>&nbsp;</p>
<p><strong></strong></p>
<p><strong></strong></p>
<p><strong></strong></p>
<p><strong></strong></p>
<p><strong></strong></p>
<p><strong></strong></p>
<p><strong></strong></p>
<p><strong></strong></p>
<p><strong></strong></p>
<p><strong></strong></p>
<p><strong>Om du har frågor kontakta</strong><br /> <em>Tommy Ytterström</em><br /> <em> 070 67 37 200</em><br /> <em>tommy.ytterstrom@proandpro.se</em><br /> <em><strong> </strong></em></p>
<p>[/et_pb_text][/et_pb_column][et_pb_column type=&#8221;1_4&#8243; _builder_version=&#8221;3.0.47&#8243; parallax=&#8221;off&#8221; parallax_method=&#8221;on&#8221;][et_pb_text _builder_version=&#8221;3.8.1&#8243; use_border_color=&#8221;off&#8221; border_color=&#8221;#ffffff&#8221; border_style=&#8221;solid&#8221;]</p>
<h2>Program</h2>
<p>08.00 Frukost<br />
08.30 Föreläsning<br />
09.15 Avslutning<br />
[/et_pb_text][et_pb_text _builder_version=&#8221;3.8&#8243; use_border_color=&#8221;off&#8221;]</p>
<h3>Tid och plats</h3>
<p>Fredag den 2 februari<br />
Frukost från 08.00<br />
Storgatan 29, Sundsvall</p>
<p>Anmälan senast 31 augusti<br />
[/et_pb_text][et_pb_contact_form captcha=&#8221;off&#8221; email=&#8221;markus.marklund@proandpro.se, tommy.ytterstrom@proandpro.se, daniel.adelander@proandpro.se&#8221; title=&#8221;Anmälan &#8221; custom_message=&#8221;ProAndPro Insight &#8211; Energi&lt;br /&gt; Namn: %%Name%%&lt;br /&gt; E-post: %%Email%%&lt;br /&gt; Telefon: %%Telefon%%&lt;br /&gt; Meddelande: %%Message%%&lt;br /&gt; &#8221; success_message=&#8221;Tack för din anmälan till Pro&#038;Pro Insight. Du kommer att få en personlig bekräftelse via e-post. &#8221; disabled_on=&#8221;off|off|off&#8221; module_id=&#8221;et_pb_contact_form_0&#8243; _builder_version=&#8221;3.8.1&#8243; custom_button=&#8221;on&#8221; button_text_size=&#8221;16&#8243; button_text_color=&#8221;#2b2b2b&#8221; button_border_color=&#8221;rgba(99,104,103,0.14)&#8221; use_border_color=&#8221;off&#8221;][et_pb_contact_field field_id=&#8221;Name&#8221; field_title=&#8221;Namn&#8221; fullwidth_field=&#8221;on&#8221; _builder_version=&#8221;3.0.87&#8243; form_field_font=&#8221;||||&#8221; border_radii=&#8221;on||||&#8221; use_border_color=&#8221;off&#8221; border_style=&#8221;solid&#8221;] [/et_pb_contact_field][et_pb_contact_field field_id=&#8221;Telefon&#8221; field_title=&#8221;Telefon&#8221; fullwidth_field=&#8221;on&#8221; _builder_version=&#8221;3.0.87&#8243; form_field_font=&#8221;||||&#8221; border_radii=&#8221;on||||&#8221; use_border_color=&#8221;off&#8221; border_style=&#8221;solid&#8221;] [/et_pb_contact_field][et_pb_contact_field field_id=&#8221;Email&#8221; field_title=&#8221;E-postadress&#8221; field_type=&#8221;email&#8221; fullwidth_field=&#8221;on&#8221; _builder_version=&#8221;3.0.87&#8243; form_field_font=&#8221;||||&#8221; border_radii=&#8221;on||||&#8221; use_border_color=&#8221;off&#8221; border_style=&#8221;solid&#8221;] [/et_pb_contact_field][et_pb_contact_field field_id=&#8221;Message&#8221; field_title=&#8221;Speciella önskemål&#8221; field_type=&#8221;text&#8221; required_mark=&#8221;off&#8221; fullwidth_field=&#8221;on&#8221; _builder_version=&#8221;3.0.87&#8243; form_field_font=&#8221;||||&#8221; border_radii=&#8221;on||||&#8221; use_border_color=&#8221;off&#8221; border_style=&#8221;solid&#8221;] [/et_pb_contact_field][/et_pb_contact_form][/et_pb_column][/et_pb_row][/et_pb_section]</p>

<p>&nbsp; Pro&amp;Pro Insight är seminariet som ger dig inspiration och insikt i utmaningar och framtidsscenarion för branscher i förändring. På Insight presenterar Pro&amp;Pro sina framtidanalyser för olika branscher med fokus på trender och scenarion. Årets andra Pro&amp;Pro Insight ägnas åt bank och försäkring där vi försöker lyfta några frågor som är högst aktuella och viktiga [&hellip;]</p>
